 the highest common factor of 63 and a?
9
Let v(w) = -w + 5. Let n be v(3). Let k be -1*-1*(n + -5). Let p be k*11*(-6)/9. Calculate the greatest common divisor of 2 and p.
2
Suppose 39*z - 76*z = -58275. What is the highest common factor of 63 and z?
63
Let m be (1/(-4))/(21/1064)*-6. Suppose 5*z - 113 = -0*f + f, 4*z = -4*f + m. Calculate the highest common factor of 11 and z.
11
Let g be 8/28 + (-4692)/(-42). What is the greatest common divisor of g and 208?
16
Suppose 5*o = 4*w + 794, -5*o = 3*w - 2*w - 814. Let x be 8/(-20)*1/(2/(-90)). What is the greatest common factor of x and o?
18
Let q(y) = y**2 - 8*y + 5. Suppose 3*c + 13 = m, -3*m - 2*c + 42 = 14. Let f = 19 - m. Let p be q(f). Calculate the greatest common factor of p and 70.
14
Suppose -c + 2*s = -0*s + 6, c - 3*s + 7 = 0. Let h be 9*3/(-36)*c. Suppose 20 - 290 = -h*r. What is the greatest common factor of 36 and r?
18
Let p be 2 + (-135)/(-7) + (-48)/168. Calculate the highest common divisor of p and 35.
7
Let a(m) be the third derivative of -17*m**4/24 + m**3/6 + 10*m**2. Let u be a(-2). Calculate the highest common factor of u and 7.
7
Suppose 16 = -5*w - 119. Let b be (1/(-1))/(3/w). Suppose g = -2*y + 14, -y - 56 = 2*g - 5*g. Calculate the greatest common divisor of g and b.
9
Let s(z) = -z + 11*z**2 - 4 + 1 + 77*z**2 + 4. Let d be s(1). Calculate the greatest common factor of 22 and d.
22
Let m(t) = -3*t**3 - 2*t**2 + t + 2. Let v = -50 - -49. Let x be m(v). Calculate the greatest common factor of 4 and x.
2
Let b be 7*((-150)/(-35))/3. What is the greatest common divisor of 6 and b?
2
Suppose 312 = 360*p - 354*p. What is the greatest common divisor of p and 28?
4
Let i be (76/95)/(33/(-35) + 1). Let h = 95 - i. What is the highest common divisor of 54 and h?
27
Let z = -3783 + 3891. Let y(p) = 4*p - 4. Let c be y(4). Calculate the greatest common factor of c and z.
12
Suppose -45*j + 495 = -34*j. What is the highest common divisor of 369 and j?
9
Let c = 17 + -10. Let d = -13 - -13. Suppose -5*q - f + 314 = 0, d = 2*q + 4*f - 76 - 46. Calculate the greatest common factor of c and q.
7
Let l(c) = c**2 - 10*c + 3. Let o be l(5). Let k = o - -24. Suppose -2*s - k*r = s - 21, 3*r + 21 = 3*s. What is the highest common factor of 21 and s?
7
Suppose 44 = 5*f - 16. Calculate the highest common divisor of 108 and f.
12
Suppose 0 = -0*i + i - 171. Let w = -87 + i. Calculate the highest common factor of 14 and w.
14
Let k be 12/(-22) + 198619/913. Calculate the greatest common divisor of 62 and k.
31
Let j(o) = -o**2 - 34*o + 272. Let b be j(-40). What is the highest common factor of b and 128?
32
Suppose 1 + 6 = -i. Let b(g) = -g**3 - 7*g**2 - g + 5. Let x be b(i). Let d be (-1 - -47) + 4*(-2)/(-4). What is the greatest common divisor of x and d?
12
Suppose -5*n = -4*l + 4218, -n + 6 = 4. What is the greatest common divisor of 7 and l?
7
Suppose 0 = -q + 6*q - 725. Let l = q + -130. Calculate the greatest common divisor of 165 and l.
15
Let c = 434 - 396. Suppose -141 - 49 = -2*a. Calculate the highest common factor of c and a.
19
Let t(q) = q**2 + q. Let r(a) = a**3 - 12*a**2 + 22*a + 1. Let u(c) = r(c) - 4*t(c). Let x be u(15). Calculate the highest common factor of 69 and x.
23
Suppose -r + 3*k = 7*k - 40, r - 2*k = 34. What is the highest common factor of 30 and r?
6
Suppose -9*b + 3*u + 544 = -4*b, 324 = 3*b - 3*u. What is the highest common factor of b and 40?
10
Let q = -22 + 36. Let n be (-8 + 4)*q/(-4). Let d be (10/3)/(n/21). Calculate the highest common divisor of d and 2.
1
Suppose -2*a = -2*k + 2, -4*a = -3*k - 2*k + 8. Suppose -4*w + a*w - 42 = -4*j, 0 = -4*j - 2*w + 36. What is the greatest common factor of j and 40?
10
Let h(o) = 4*o**3 + 4*o**2 + 19*o - 40. Let z be h(2). Calculate the highest common divisor of z and 667.
23
Let w = 1731 - 1729. Let s = 45 + -27. What is the highest common factor of w and s?
2
Let a be (-54)/(-10)*150/45. Suppose -7*o = -4*o - a. Suppose 2*q = -3*f + 144, 2*f = -q + 162 - 66. What is the highest common divisor of f and o?
6
Let z = 1035 + -1027. Calculate the greatest common divisor of 112 and z.
8
Let c = 30 + 102. Suppose 4*d - 5*j - 68 = 0, 2*d + 3*j = 7 + 5. Calculate the greatest common divisor of d and c.
12
Suppose 0 = -2*n - 8*c + 13*c + 225, n = c + 108. Calculate the highest common divisor of n and 30.
15
Let n = 330 - 125. Calculate the greatest common divisor of n and 41.
41
Let s be 1*4*(-135625)/(-620). Calculate the greatest common factor of 14 and s.
7
Let s = -2 - -4. Let m = 13 - 13. Suppose m = 4*n + 2*g + 2*g - 92, -20 = -n - s*g. What is the greatest common divisor of n and 104?
26
Let j be 32/(-128) - 1298/(-8). Calculate the highest common factor of 6 and j.
6
Suppose 2*t = 3*y - 12, 5*y - 5*t - 6 = 14. Let f = 5 - 1. Suppose 5*r + 6 = f*z, 3*z - 18 = -2*z + r. What is the greatest common factor of z and y?
4
Let q(l) = -51*l - 28. Let x be q(-7). What is the highest common factor of 47 and x?
47
Let f = -186 + -4. Let g be f/(-8) - (3 - 0)/(-12). Calculate the greatest common divisor of 12 and g.
12
Let l be 2*(2 + -3)*-1. Let s(z) = 2*z**2 - z - 2. Let g be s(l). What is the greatest common factor of 12 and g?
4
Suppose -4*l = -q + 3*q - 2106, -4*l = q - 2107. Suppose 3*c - l = -47. What is the highest common factor of 20 and c?
20
Let p be 6/1*(-4)/(-8). Let i be p + (15 - (4 + 0)). Let x be (-758)/(-6) - (-2)/(-6). What is the greatest common factor of i and x?
14
Let v(l) = -l**2 + 4*l + 291. Let o be v(-13). Let j(x) = -9*x + 1. Let z be j(-3). What is the highest common divisor of z and o?
14
Let t be -6*(32/(-48))/((-4)/(-54)). What is the greatest common factor of 36 and t?
18
Let h be -1 - (-2 + 3) - -130. Let f = -37 - -41. Suppose x - f*v + 3 - 11 = 0, -v - 62 = -4*x. Calculate the greatest common factor of x and h.
16
Let c be (16/(-1))/(5 + -7). Suppose -c*n + 12 = -5*n. Suppose n + 2 = v. Calculate the highest common factor of v and 54.
6
Let p = -38 + 32. Let c be 7 + p*2/3. Calculate the greatest common divisor of c and 3.
3
Suppose 2*g + 2*d - 26 = 0, -5*d + 19 + 22 = 2*g. Let v(h) = -19*h + 8. Let s be v(0). What is the greatest common divisor of s and g?
8
Let a = -1 + 3. Suppose 4*s - 12 = -a*l + 28, -s - 2*l + 4 = 0. Let k = 1439 - 1427. Calculate the highest common divisor of s and k.
12
Let v = 58 + -47. Suppose v*y - 734 = -129. Calculate the highest common factor of 5 and y.
5
Let d be (-2)/4 + 7/2. Suppose 0*k - 171 = 3*k - 5*p, -3*p + 9 = 0. Let g = k + 73. Calculate the greatest common divisor of g and d.
3
Let t(f) = 2*f**2 + 6*f + 2. Suppose x - 6 = -2*x. Suppose -i - 2 = x. Let n be t(i). Calculate the greatest common factor of n and 10.
10
Suppose q = -2*q - 4*a + 146, 0 = -2*q + 5*a + 59. Suppose 4*j = -750 + 974. What is the highest common factor of j and q?
14
Suppose 2*b + 7 = b. Let v = -5 - b. Let z(k) = k + 39. Let n be z(-25). Calculate the greatest common factor of v and n.
2
Suppose -31*o + 3*j - 112 = -36*o, o + 4*j = 19. Suppose 781 = 5*x - 24. What is the highest common divisor of o and x?
23
Let l(z) = 8*z**2 - 18*z - 83. Let d be l(-4). Calculate the greatest common factor of d and 104.
13
Let x = 18 + -13. Suppose 115 = 2*l + x*b, 0*l - 4*l + 5*b + 185 = 0. What is the greatest common factor of l and 10?
10
Suppose -3*k + 13 + 20 = 0. Suppose 3*n - 25 = -3*l - 2*n, -5*l = -n + 5. Suppose l = z - 3 - 8. Calculate the greatest common factor of k and z.
11
Suppose -64 = -3*b + 2*k, 2*b - 6*k = -4*k + 40. What is the highest common divisor of b and 376?
8
Let d(q) = -q**3 - 4*q**2 + 3*q. Let p be d(-5). Let x be (80/6)/((-12)/(-18)). What is the greatest common divisor of x and p?
10
Let o be (9 - 9/3) + -1. Let u(g) = g**3 - 4*g**2 - 4*g + 3. Let x be u(o). Suppose -16 = -6*n + x. What is the highest common divisor of 4 and n?
4
Let y = -30 - -20. Let z = y - -23. Suppose -d + 21 + z = 0. What is the greatest common factor of 17 and d?
17
Suppose 12*b - 7*b - 355 = 0. Suppose 3*j - 49 = b. What is the greatest common factor of 40 and j?
40
Let v be (-4 + 8 - 5) + 6. Let y = 31 - v. Calculate the greatest common divisor of y and 52.
26
Let s be (-1)/((-1)/(2*-1)). Suppose -8*n + 4 = -10*n, 5*z + n = -57. Let t be z/(s + 50/26). What is the highest common divi